u - 264 = 0. Let k = u - 93. Calculate the remainder when k is divided by t.
9
Suppose 4*b = -2*b + 18. Suppose -5 = -5*f, f - 4*f = b*w - 75. Calculate the remainder when 46 is divided by w.
22
Suppose 0*f = 3*f - 90. Suppose o - 39 = f. Suppose 0 = -4*z - v + o, 2*v + v = -2*z + 47. What is the remainder when 63 is divided by z?
15
Suppose 17*c - 139 = -54. What is the remainder when 603 is divided by c?
3
Suppose -4*m - 6 = -22, 0 = 2*f + m - 270. Calculate the remainder when f is divided by 67.
66
Suppose 4*q + 1586 = 30*q. What is the remainder when q is divided by 33?
28
Let b = -21 + 15. Let h = -1 - b. Suppose 0 = -2*r + h*r - 30. What is the remainder when 26 is divided by r?
6
Suppose 0 = 9*m - 132 - 156. Calculate the remainder when 94 is divided by m.
30
Let i = 353 + -345. What is the remainder when 11 is divided by i?
3
Suppose -18*c + 10*c = -888. What is the remainder when c is divided by 41?
29
Let b = 32 - -54. What is the remainder when (-4)/(b/(-168) - (-18)/42) is divided by 18?
12
Suppose 44*w - 46*w = -8. Calculate the remainder when 53 is divided by w.
1
What is the remainder when ((-294)/(-5) + -2)/((-10)/(-25)) is divided by 4?
2
Let a(b) = 44*b**2 - 7*b - 8. Let l be ((-6)/(-10))/(1/5). Suppose 4*j + 17 = 3*c, 0*c - j - 29 = -l*c. What is the remainder when a(-1) is divided by c?
10
Suppose 36 = 3*j + 4*u, -5*j + u + 60 = 3*u. Suppose -2*y + 13 = 3*c, 5*c - 38 = y - j. Suppose c*r - 64 = r. What is the remainder when r is divided by 9?
7
Let h = 9 + 2. Let b(m) = 15*m**2 + 5*m + 21. What is the remainder when b(-1) is divided by h?
9
Let c = 1934 - 1782. Calculate the remainder when c is divided by 2.
0
Let f = -242 - -461. Calculate the remainder when f is divided by 58.
45
Calculate the remainder when 1608 is divided by 4/(-46) - 36639/(-1587).
21
Suppose 0 = 3*n + 5*o - 88, 5*o + 0*o = 10. What is the remainder when n is divided by 2 + 9 + (-2 + 6/6 - 6)?
2
Calculate the remainder when 92 is divided by (-32)/(-1) - ((-3 - -6) + -1).
2
Suppose -4*a = 4, -3*h - 2*a + 4 + 69 = 0. What is the remainder when -1 + 18/14 - (-2064)/28 is divided by h?
24
Let t = 24 + -11. Let p be (-1 - (1 + -1)) + t. Let a = 30 - p. What is the remainder when 52 is divided by a?
16
Suppose -r - 4*b = -0*r - 16, 0 = 3*b - 9. Suppose 4*u - 69 - 99 = 0. Suppose -r*t = -u - 18. Calculate the remainder when 29 is divided by t.
14
Let z(o) = 2*o + 22. Calculate the remainder when 365 is divided by z(-3).
13
Suppose -3*w + 6*w - 12 = 0. Suppose -1 = -b + 3*a + w, 55 = 2*b + 3*a. What is the remainder when 77 is divided by b?
17
Suppose 10*p = 5*p + 90. Let w = -6 - -17. What is the remainder when p is divided by w?
7
Suppose 9*w = 15*w - 978. Calculate the remainder when w is divided by 84.
79
Suppose 8 = 2*y + 2*y. Let l be (-10)/(3/((-3)/y)). What is the remainder when 0/(-1) - (l + -9) is divided by 4?
0
Let x = 43 - 30. What is the remainder when (-2 + (-80)/6)/(6/(-9)) is divided by x?
10
Let a be -3 + (30/4 - 1/2). Suppose a*p = p + 177. Let d = -11 + 31. What is the remainder when p is divided by d?
19
Let l be 4*5*(-4)/(-10). Let k = -5 - -7. Suppose y = k + l. Calculate the remainder when 29 is divided by y.
9
Suppose w + 22 = u, -2*w + 18 - 66 = 2*u. What is the remainder when 8 + -4 - 1*w is divided by 7?
6
Let s = -5 - -10. Suppose 0 = 14*n - 4*n - 130. Calculate the remainder when n is divided by s.
3
Let j(m) be the first derivative of m**4/4 - 10*m**3/3 + 6*m**2 - 2*m - 2. Let t = 101 + -92. What is the remainder when 97 is divided by j(t)?
22
Let r(f) be the first derivative of -f**2 + f - 11. Let g(w) = w + 2. Let x be g(-6). Calculate the remainder when 33 is divided by r(x).
6
Suppose 4*r - 25 = w - r, -58 = 2*w - 2*r. Let i = -24 - w. Suppose -3*d + i = 0, 0 = 2*j - 5*d + 4. What is the remainder when 8 is divided by j?
2
Let g(c) = -8*c + 272. What is the remainder when g(8) is divided by 25?
8
Suppose -5*b - 21 = -91. Suppose 5*t + 1 = 4*p + 2, -3*t = 4*p - 7. Let c(s) = 52*s**3 + 2*s - 1. What is the remainder when c(t) is divided by b?
11
Suppose s = 5*i + 1 + 22, 3*s - 49 = -5*i. Suppose r = s + 29. What is the remainder when r is divided by 24?
23
Calculate the remainder when 30 is divided by 2*36/(-2)*(-78)/104.
3
Suppose -215 = -10*f + 15. Suppose 4*g = 424 - 60. What is the remainder when g is divided by f?
22
Suppose 5*t = 2*z - 17, -3*z + 4*t + 36 = -0*t. Let i = -3961 + 3992. What is the remainder when i is divided by z?
15
Let b be (-4)/6 - (-4)/6. Let s(d) = -d**3 + d**2 - 2*d + 5. Let h be s(b). Suppose -h - 3 = -4*l. Calculate the remainder when 2 is divided by l.
0
Let h = -20 + 40. Suppose -n - n + 6 = 0. Suppose n*p - 10 = h. What is the remainder when 19 is divided by p?
9
Let o = -3941 + 3952. What is the remainder when 8/6*(-63)/(-6) is divided by o?
3
Suppose 8*o - 567 = -13*o. Suppose d = -d + 104. Calculate the remainder when d is divided by o.
25
Let k(r) = -3*r**3 + 23*r**2 - 10*r - 22. What is the remainder when k(6) is divided by 33?
32
Let g = -58 - -63. Suppose -424 = -11*h + g. What is the remainder when h is divided by 14?
11
Let o(q) = q**2 - q - 6. Calculate the remainder when 69 is divided by o(7).
33
Let d(b) = b**2 + 25*b + 110. What is the remainder when 155 is divided by d(-21)?
25
Let q be 0*(-4)/8 + -3. Calculate the remainder when 46*(q - 14/(-4)) is divided by 13.
10
Let w(p) = -29*p - 28. Let a be w(-2). Let y be 5 + (-1 + 1)/2. Suppose 0*k + y*k + 3*g = 31, a = 4*k + 5*g. Calculate the remainder when 8 is divided by k.
3
Let l(q) = 17*q**2 + 1. Calculate the remainder when 138 is divided by l(1).
12
Let r = 44 - -99. Suppose 4*m = -2*d + 180, -m + 252 + r = 4*d. Calculate the remainder when (d/16)/((-2)/(-8)) is divided by 9.
7
Let o = -185 + 207. Calculate the remainder when 85 is divided by o.
19
Suppose 0 = -11*h + 72 - 39. Let l = -2 - -7. What is the remainder when l is divided by h?
2
Suppose 3*u + u - 68 = 0. Let a be ((-2)/(-3))/(1/3). Let b(c) = c**3 + c**2 - 2. Calculate the remainder when u is divided by b(a).
7
Suppose -198 = -2*f - 0*f. Calculate the remainder when f is divided by 237/12 - ((-5)/4 + 1).
19
Let d be (-4)/(-6) + 176/6. What is the remainder when d/70 + 214/7 is divided by 7?
3
Let x be 6/(-10) + (-178)/(-5). Suppose 3*z = 1 + x. Calculate the remainder when 2 is divided by (-6)/z*(1 + -5).
0
Suppose -u - 10 = -m - 0*m, 4*u = m - 16. Let h = 24 + -20. Suppose -3*w - 3*z + m = -h*z, 4*w - 4*z = 0. What is the remainder when 19 is divided by w?
3
Suppose 0 = -13*v + 15*v - 2. Calculate the remainder when 44 is divided by -15*(v + -2) - 0.
14
Let t be 4/16*6 - 117/6. Suppose k + 2 = -2*p + 3*p, -3*k + 5*p = 12. Calculate the remainder when ((-183)/t)/(k/6) is divided by 16.
13
Suppose 0 = 4*k - 3*b - 66, -4*k - 4*b = -9*b - 70. Calculate the remainder when 88 is divided by k.
13
Let v be 2/(-2) - (-1 + -108). Let n = -34 + v. What is the remainder when n is divided by 19?
17
Suppose -v - 7 = 4*t + 5, 2*t + 6 = 0. Let c(f) = f**3 + 6. Let d be c(v). Suppose 0*h - d = -h. What is the remainder when 14 is divided by h?
2
Calculate the remainder when 335 is divided by 4 + (1 - (-8 + 5)).
7
Suppose 0 = 97*d - 49*d - 1920. Suppose 30 = 5*i - 80. What is the remainder when d is divided by i?
18
Calculate the remainder when 203 is divided by (30*(-12)/8)/((-4)/8).
23
Let x = 335 + -198. What is the remainder when x is divided by 4?
1
Suppose z + 4*z - 252 = 4*r, -2*r = -5*z + 246. Calculate the remainder when z is divided by 4*(-5)/(-12)*-3 + 30.
23
Let y = 6 + 1. Suppose -3*o - 24 = -3*d + 12, 6 = d + o. What is the remainder when (y + -7 + 4)*6 is divided by d?
6
What is the remainder when -40*(315/10)/(-9) is divided by 22?
8
Suppose -5*k = k + 42. Let i(z) = z**3 + 7*z**2 - 4*z + 7. Calculate the remainder when 67 is divided by i(k).
32
Suppose 1 = 5*q - 109. Let u = q + -12. What is the remainder when 48 is divided by u?
8
What is the remainder when 104 is divided by (2 + -3)/((30/(-25))/6)?
4
What is the remainder when (-564)/(-47) - (-10 + 1) is divided by 10?
1
Let j = -17 - -13. Let o(k) = -k**2 - 2*k - 2. Let z be o(j). Let f = -4 - z. Calculate the remainder when 10 is divided by f.
4
Suppose -4*l = 2*x + 3*x + 237, -96 = 2*x + 2*l. Let w = x + 115